d by 23?
17
Let v = -32 + 17. Let y = v - -5. Calculate the remainder when (-2)/y + 3141/45 is divided by 24.
22
Let z(o) = -10*o**3 - o**2 - 2*o - 1. Let j(k) = -k**2 - 17*k - 12. Let i be (-1 + 3 - -1) + -18. What is the remainder when j(i) is divided by z(-1)?
8
Let c = 83 + 2. What is the remainder when c is divided by 19?
9
What is the remainder when (-4)/(32/6) - 2724/(-48) is divided by 26?
4
Suppose -v - 5*o - 45 = 3*v, -5*v - 51 = o. Let s(y) = -9*y + 7. What is the remainder when s(v) is divided by 33?
31
Let n(h) = -4*h. Let q(u) = u**3 + u**2 - u - 4. Let r be q(0). Let o be 15/10*r/6. What is the remainder when 13 is divided by n(o)?
1
Let b = 1291 + -1274. What is the remainder when 34 is divided by b?
0
Let z(h) = -h**3 - 9*h**2 - 3*h + 11. Calculate the remainder when z(-9) is divided by 4*7/(-126) - 364/(-18).
18
Let m(u) = u + 28. Suppose 42*a - 50 = 37*a. Calculate the remainder when m(0) is divided by a.
8
What is the remainder when 289 is divided by 302/4 - ((-627)/22)/19?
58
Let l = -90 + 159. Suppose 4*t - l = 19. What is the remainder when 1/(-1) + t - 3 is divided by 10?
8
Suppose -32 = -5*t + 208. What is the remainder when 191 is divided by t?
47
Let t = -121 - -126. Let z(p) = 3*p**3 - p**2 - p + 1. Let h(c) = -c**2 - 6*c + 2. Let a be h(-6). Calculate the remainder when z(a) is divided by t.
4
Suppose -3*b + 248 = -5*u, -u - 168 = 2*u + 3*b. Let m = 87 + u. Let i(y) = -3*y**3 - 4*y**2 - 8*y - 6. Calculate the remainder when m is divided by i(-2).
17
Suppose 0*j = 5*a + j + 570, -3*j = 4*a + 467. Let c = 147 + a. What is the remainder when c is divided by 9?
7
Let a(g) = 6*g - 19. Let v be 4/(-6) + (-104)/(-12). Calculate the remainder when 171 is divided by a(v).
26
Suppose 3*z = 4*k - 673, -5*z + 53 = 3*k - 488. Suppose -6*v + k = -2*v. What is the remainder when v is divided by 18?
7
Suppose 2*i = -5*u - 1, 4*u - 7*u - 63 = -4*i. What is the remainder when 59 is divided by i?
11
Suppose -3*d + 2*d = -40. Calculate the remainder when d is divided by (16 - 9) + 3/(-12)*-28.
12
Suppose 81 = b - 2*u, -6*u = -u + 25. What is the remainder when b is divided by 21?
8
Let v be (-10)/(-4)*-2*6/(-15). Suppose 4*j = -v*p + 7*p - 210, 2*j + 86 = 2*p. Calculate the remainder when p is divided by (-2)/2 - 22/(-2).
8
Let x = 88 + -87. Calculate the remainder when 56 is divided by x*-29*(0 - -1 - 2).
27
Let o(p) = 2*p**3 + p**2. Let g be o(2). Suppose g = 29*u - 27*u. What is the remainder when (3/4)/((-2)/(-48)) is divided by u?
8
Suppose -3*q + 3*b + 54 = -0*b, -4*b + 60 = 2*q. Let n = q - 19. What is the remainder when 30 is divided by (-2 + n/(-4))*-4?
8
Calculate the remainder when 97 is divided by -2 - (-11 + (-7 - -5)).
9
What is the remainder when (-579)/2*(-10)/15 is divided by 61?
10
Suppose 3 = -z + 6. Suppose 54*q = 53*q. Suppose z*u - a - 77 = q, -4*u - u - a = -123. What is the remainder when 48 is divided by u?
23
Let x = -18 - -23. Suppose -4*q + x*q - 7 = 0. What is the remainder when q is divided by 2?
1
Suppose k - 4*r = -7 - 14, 3*k - 4*r = -23. Let s = -9 - k. Let t(j) = j**3 + 8*j**2 - 2*j - 8. What is the remainder when 21 is divided by t(s)?
5
Suppose 2*u - 395 = 91. Suppose -u = -11*j + 8*j. Calculate the remainder when j is divided by 28.
25
Suppose 4*a - 4*v = 48, -5*a + 10 + 41 = 4*v. Let z = 71 - 39. What is the remainder when z is divided by a?
10
Let l = -211 - -411. What is the remainder when l is divided by 191?
9
Let c(o) = -128*o - 65. What is the remainder when c(-13) is divided by 10?
9
Suppose 1417*t - 440 = 1416*t. What is the remainder when t is divided by 17?
15
Let d(v) = -v**2 + 10*v + 4. Let l be d(10). Suppose 2*w = 4*h - 6*h - 74, -169 = l*w - 3*h. Let x = w + 60. Calculate the remainder when x is divided by 11.
9
Let j(g) = g**3 - 3*g**2 - 2*g + 1. Let r be j(3). Suppose 11*k - 90 = 10*k. Calculate the remainder when k is divided by r/((-5)/(-3)) + 26.
21
Let z = -1 - -4. Let n(t) = 5*t + 6*t**2 + 4*t**3 + 0*t**2 + 0*t**z + 6 - 3*t**3. What is the remainder when n(-4) is divided by 5?
3
Let k = 2447 - 2351. What is the remainder when 298 is divided by k?
10
Suppose -5*s = 0, l = 2*s + s + 14. Suppose -q = -5*q - 3*o + 9, 0 = -5*q - o + l. Calculate the remainder when 7 is divided by q.
1
Let y(v) = -5*v + 15. Suppose 2*n - w + 30 = -0*n, -4*w = 2*n + 40. Calculate the remainder when y(n) is divided by 24.
23
Let b(y) = -y + 2. Let u be b(-6). Let r be (-1)/2*6 + u. Suppose x + 288 = r*x. What is the remainder when x is divided by 25?
22
Let t be (172/(-6))/((-2)/12). Suppose -r - 4 = 0, t = 6*q - 2*q + 2*r. What is the remainder when q is divided by 17?
11
Suppose 2*f - 1878 = 3*v, 29*v - 33*v + 2800 = 3*f. Calculate the remainder when f is divided by 20.
16
Suppose -g - 9 = -2*g. Let p(m) = m**2 + m + 5. Let h be p(0). Suppose -h*y = -14 - 11. What is the remainder when g is divided by y?
4
Suppose 5 = l + x, -l - 31 = -4*l + 5*x. What is the remainder when l is divided by 2?
1
Let x(y) = 2*y**3 - 3*y**2 + 4*y - 4. What is the remainder when x(3) is divided by 17?
1
Suppose -4*o - 5*s + 111 = 0, 5*o = 4*s - 3*s + 175. What is the remainder when 60 is divided by o?
26
Suppose 0 = -d + 22 - 2. Suppose m = -y + 26 + d, 0 = m + 3*y - 44. What is the remainder when 139 is divided by m?
45
Let a(k) = -61*k - 837. Calculate the remainder when a(-23) is divided by 9.
8
Suppose -11 = -21*k + 157. What is the remainder when 2/(-9) + (-191)/(-9) is divided by k?
5
Suppose -2*l + 839 = -0*l - 3*c, 3*l + 5*c - 1306 = 0. Calculate the remainder when l is divided by 111.
94
Let f = 248 - 36. Let p = 181 - 127. What is the remainder when f is divided by p?
50
Suppose -5*d + d - 140 = 0. Let t be (-4)/(-14) - 1845/d. Suppose -11 = 3*y - t. Calculate the remainder when 25 is divided by y.
11
Suppose 3*w - j = 264, -224 = -4*w + 2*j + 128. What is the remainder when w is divided by (11 + -57)*(-1)/2?
19
Let x be (-4)/10 + 2453/(-55). Let q = x - -30. Let z = -10 - q. What is the remainder when 13 is divided by z?
3
Suppose -567 - 3765 = -38*m. What is the remainder when m is divided by 14?
2
Suppose -4*i + 53 - 168 = -v, 5*i = 4*v - 504. Calculate the remainder when v is divided by 46.
39
Let v(g) = -20*g**2 + 2*g + g**3 - 40 - 8 + g. Calculate the remainder when v(20) is divided by 7.
5
Calculate the remainder when 290 is divided by (-666)/(-4)*32/72.
68
Let n(x) = 17*x**2 + 3*x + 5. Let r(y) = 4*y**2 + 2*y + 2. Calculate the remainder when r(4) is divided by n(-1).
17
Let f be 1 - ((-255)/5 + -3). Suppose -d + y + 16 = 0, 19 - f = -2*d + 4*y. What is the remainder when 69 is divided by d?
13
Let y(n) = 32*n + 221. Calculate the remainder when 75 is divided by y(-6).
17
Let u = -24 - -26. Let r(j) = -2 + 8*j + 3 - 3 + 1. Calculate the remainder when r(u) is divided by 8.
7
Let l(n) = 3*n**2 + 7*n + 4. Let a = -63 - -93. Calculate the remainder when a is divided by l(-4).
6
Let p(n) = -n - 13. Let u be p(-18). Suppose -3*i + 57 = -u*x - 75, -i - x = -36. Calculate the remainder when 77 is divided by i.
38
Suppose -t + i = 5*i - 394, 2*i + 778 = 2*t. What is the remainder when t is divided by 49?
47
Let u = -6 - 0. Let m(w) = 3*w**2 + w - 5. Calculate the remainder when m(u) is divided by 50/(2/(-7) + 384/168).
22
Let v = 168 + -156. What is the remainder when v is divided by 6/2 + -1 + 5?
5
Suppose 0 = 6*b - 80 - 16. Suppose h - b = -15*h. What is the remainder when h is divided by (2/4)/((-2)/(-4))?
0
Let q = 915 - 756. Suppose 5*i - 147 = 58. What is the remainder when q is divided by i?
36
Let l = 97 + -74. What is the remainder when (-6)/(5/35*6/(-16)) is divided by l?
20
Let t be 13/6 + (-21)/126. Suppose s + 4*u - 17 = 0, -4*s + 2*s - t*u = -10. Let a(z) = 2*z**3 - z**2. Calculate the remainder when s is divided by a(1).
0
Let g = 81 + -44. Let t = g - -20. What is the remainder when t is divided by 20?
17
Let n = 305 - 452. Calculate the remainder when 71 is divided by n/(-4) + 4/16.
34
Suppose 22*y = 15*y + 35. Calculate the remainder when 18 is divided by y.
3
Suppose -5*z + b = -253, -63 = -2*z + 2*b + 43. What is the remainder when 393 is divided by z?
43
Let n(i) be the third derivative of -17*i**4/12 - i**3/2 + 9*i**2. Calculate the remainder when n(-1) is divided by 18.
13
Suppose 